 2*l + 9 = 0. What is the units digit of u?
5
Suppose 2*a - j = 14, -a + 8 + 0 = -j. Let p be (0 - -3)/(a/4). Suppose -p*d + 44 = 2*d. What is the tens digit of d?
1
Let r(q) = -30*q - 6. What is the units digit of r(-1)?
4
Let r = 54 + -38. What is the units digit of r?
6
Suppose -3*o = 568 - 1411. What is the units digit of o?
1
Let a(q) = q. Suppose -6*o + 3*o = -27. What is the units digit of a(o)?
9
Suppose -z = z - l - 24, l - 32 = -2*z. What is the units digit of z?
4
Let h = 5 - 3. Let v(j) = 5 + 3*j + 0 + 4*j - 8. What is the tens digit of v(h)?
1
Let c(t) = 2*t**2 - 7*t + 6. Let f = -14 - -21. Let h = f + -3. What is the units digit of c(h)?
0
Suppose 0 = -4*u + 3*b + 8 + 5, 0 = 2*u - 3*b + 1. What is the units digit of u?
7
Let u be ((-20)/(-16))/((-2)/(-8)). Let t = 3 + 0. Suppose -16 = -u*o + t*o. What is the units digit of o?
8
Suppose o - 49 = -15. What is the tens digit of o?
3
Let a = 87 + -16. What is the units digit of a?
1
Suppose -2*r = -5*r + 54. Suppose 0 = -4*w - 2 + r. What is the units digit of w?
4
Suppose -f + 5 = -0*f. Suppose f*y - 25 = -5. What is the units digit of y?
4
Suppose -1024 = 8*f - 3152. What is the tens digit of f?
6
Let l(g) = g**3 - 3*g**2 - 3*g - 3. Let u be l(4). Suppose 0 = -z + u + 18. What is the units digit of z?
9
Suppose 5*a - 13 = 7. Suppose -3*h = -a*o - 51 - 43, -o - 91 = -3*h. What is the tens digit of h?
3
Suppose -t + 5*t + 48 = 0. Let i(y) = y**2 + 12*y + 8. What is the units digit of i(t)?
8
Let m(r) = -3*r + 1. What is the tens digit of m(-7)?
2
Let l = 10 - 11. What is the units digit of 38 - (2 - (4 - l))?
1
Suppose 0*h + h = 3*r - 4, 3*h = 4*r - 7. Suppose -5*g = 4*x + 2, -5*g + 0*g = -x + 12. Let z = x + h. What is the units digit of z?
1
What is the tens digit of 3860/14 + (-4)/(-14)?
7
Suppose 3*b - 12 = -b. Suppose s = -b*s + 16. Suppose -14 = -s*n + 2. What is the units digit of n?
4
Suppose 4*m - 9*m = 80. Let p = 13 - m. What is the units digit of p?
9
Let b(v) = v**3 + 3*v**2 - 6*v - 4. Let c be b(-4). Suppose 0 = 5*x + c*h - 2 - 13, 6 = 2*x - 3*h. What is the units digit of x/2*(-4)/(-3)?
2
Suppose -z = z + 24. What is the tens digit of (-14)/1*12/z?
1
Suppose -124 = -8*h + 7*h. What is the hundreds digit of h?
1
Let w = 8 + -5. Suppose t + 58 = w*t. What is the units digit of t/5 - (-3)/15?
6
Let n(j) = -j**3 - 7*j**2 + 7*j + 8. Let w be 2*((-10)/2 - -1). Let f be n(w). Suppose -43 = -3*z + 5*x, 3*z + 5*x - f = 7. What is the units digit of z?
1
What is the units digit of 117/6*8/6?
6
Let z be (26 + -3)/(4/4). Suppose -3*f + 4*f = z. What is the tens digit of f?
2
Let i = 7 - -1. What is the units digit of 3/6*i + 3?
7
What is the units digit of (-4)/(-6)*153/6?
7
Let c = -10 - -14. What is the units digit of -16*(3 + c/(-1))?
6
Let d(a) = -7*a - 12. Let i be d(-11). Let r = i + -40. What is the tens digit of r?
2
Let r(t) = -t - 4. What is the units digit of r(-6)?
2
Let r = 4 + -4. Suppose 2*t + 0*t + 10 = r. Let l = t + 8. What is the units digit of l?
3
Let c(m) = m**2 - 6*m + 5. What is the tens digit of c(-6)?
7
Let n(i) be the third derivative of i**7/840 + i**6/90 - i**5/120 + i**3/2 - i**2. Let p(k) be the first derivative of n(k). What is the units digit of p(-3)?
2
Let i(k) = -k**3 - 4*k**2 - k - 4. What is the tens digit of i(-5)?
2
What is the units digit of ((-24)/10)/(30/(-825))?
6
Let p(h) = -31*h - 2. Let t be p(-2). Suppose t = 4*a + 4*c, -5*c - 40 - 5 = -5*a. What is the tens digit of a?
1
Suppose -106 = 2*a - 4*r, -2*r + 194 = -3*a - 3*r. Let q = -29 - a. What is the units digit of q?
4
Let j(a) = a + 1 - a**3 + 0*a + 0. Let r be j(3). Let c = -13 - r. What is the units digit of c?
0
Suppose -4*x + 11 = -1. Suppose -4*b - 25 = -x*w, 2*w = -4*b + 3*b + 2. Suppose 0*z = -w*z + 12. What is the units digit of z?
4
Suppose -20*k + 22*k - 40 = 0. What is the tens digit of k?
2
Let p be ((-57)/21 + 3)*7. Suppose z - c - 4 = -p, 0 = 2*c. Suppose 2*a - 12 - z = 0. What is the units digit of a?
7
Let f(b) = 8*b - 30. What is the tens digit of f(9)?
4
Let d(j) = j**3 - 4*j**2 + j - 7. What is the tens digit of d(5)?
2
Let g(j) = -j**3 + j. What is the units digit of g(-2)?
6
Let o(p) = 3*p - 3. Let a be o(2). Suppose a*q - 98 = 34. What is the tens digit of q?
4
Let b(y) = 2*y - y**3 + 7*y**2 - 2*y + 7*y + 3*y. What is the units digit of b(8)?
6
What is the tens digit of (-140)/(-6)*(-1 - -4)?
7
Suppose 2*t - 12 - 6 = 0. Suppose t = g - 13. Let b = g + -16. What is the units digit of b?
6
Let w(x) = -x**3 - 3*x**2 + 3*x - 3. Let z be w(-4). What is the tens digit of (4 + z)*18/5?
1
Suppose 3*s + 3*i + 8 = 59, i - 55 = -3*s. Suppose 4*n + 2*o = 14, 3*o + 3 = -3*n + 9. Suppose n*y - s = 31. What is the units digit of y?
0
What is the tens digit of (-3 + 8)*(-363)/(-5)?
6
Suppose 14 = t - 0*q - 4*q, -4*t + 56 = -5*q. Let c = 5 - 14. Let a = c + t. What is the units digit of a?
5
Let a = -8 + 13. Let y = a + -3. What is the units digit of y?
2
Let q(b) = -b**2 + 9*b + 11. Let s be -4*(-1 - 9/6). What is the units digit of q(s)?
1
Suppose -7*t = -12*t - 3*g + 737, -3*t + g = -445. What is the hundreds digit of t?
1
Let k be -4*(-1 - (0 + 0)). Suppose -77 = -5*w + 4*o, k*o - 9 = -1. What is the units digit of w?
7
Let z(y) = 31*y**2 + y + 3. What is the units digit of z(-2)?
5
Let o = -18 - -20. Suppose 2*l - 2*j + 48 - 142 = 0, 2*l + o*j - 86 = 0. What is the units digit of l?
5
Let d = 367 + -201. Suppose -2*n = 3*n - 4*f - d, n - 5*f = 50. What is the units digit of n?
0
Let t(n) = 4*n**3 - 6*n**3 + 2 - n**2 + 3*n**3 - 4*n**2. Let o be t(5). Suppose 5*k - x - 19 = 0, -5*k - 3*x - o*x = -25. What is the units digit of k?
4
Suppose 4*u - 4*y = 52, 0 = 4*u - 2*y - 2 - 46. What is the units digit of u?
1
Let i(o) = 4*o**2 - 4*o. Let z be i(3). Suppose -z = -7*n + 6*n. What is the units digit of n?
4
Let g(l) = -l**2 + l + 1. Let p be g(2). Let y be p/(-4) + (-540)/(-16). Suppose -5*x + y + 22 = 2*q, x + 2 = 4*q. What is the units digit of x?
0
What is the tens digit of (-4)/22 - 45405/(-165)?
7
Suppose -2*d = -8, -5*i - d = -i + 68. Let l be (2 - -3)/((-3 + 2)/2). Let p = l - i. What is the units digit of p?
8
What is the units digit of 80/15*3/2?
8
Let v = 155 - 67. What is the tens digit of v?
8
Let o(z) = -z - 7. Let k be o(-10). Let a be -1 + 1 - 1 - -2. What is the units digit of k*(0 - a*-3)?
9
Suppose 12*g = 167 + 1885. What is the hundreds digit of g?
1
Let j be (-185)/(-65) - (-4)/26. Let x be j*1*(-52)/(-6). Let g = x + -15. What is the tens digit of g?
1
Suppose 5 + 39 = 2*v. Let c be 4/v + 2/(-11). Suppose 2*u - 42 = -u - l, c = 3*u - 2*l - 51. What is the tens digit of u?
1
Let p(k) = -k**2 + 10*k - 1. Let x be p(4). Let g = 13 + x. What is the units digit of g?
6
Suppose 0*g + g - 33 = 0. Suppose 2*a - a = -4. What is the units digit of 1/(-4) - g/a?
8
Suppose 0 = -b - 0*b + 14. What is the units digit of b?
4
Suppose k = -1 + 4. Suppose 7 = -2*v + k*v + 3*n, 4*n - 9 = -v. What is the units digit of v/3*12/2?
2
Let m = -2 - -6. Let p = -1 + m. Suppose 66 = 5*w - 3*h, w - 3*h = -p*w + 54. What is the tens digit of w?
1
Let c(m) = 7*m**2 - m**3 - 3*m**2 - m + 0*m**2. Let p = 12 + -9. What is the units digit of c(p)?
6
Let b = -4 + 6. Let a = b + -3. What is the units digit of (-1)/a - -4 - -2?
7
Let x(l) = l**2 + 11*l + 3. What is the units digit of x(-15)?
3
Suppose y + 5*f = 81, -y + 321 = 4*y - 3*f. What is the tens digit of y?
6
Suppose -4*z + 5*z = -55. Let i = 133 + z. What is the tens digit of 3/12 + i/8?
1
Suppose -18 = -4*i + 10. Suppose -i*a + 3*a = -24. Suppose c + 4*r = -c + 34, -a = -2*c + 3*r. What is the units digit of c?
9
Let d(v) = v**3 + 22*v**2 - 4*v + 21. What is the hundreds digit of d(-22)?
1
Let a be (-2)/3*21 + 0. What is the tens digit of (15/(-2))/(7/a)?
1
Suppose -4 = 2*m, 5*z + 4*m = -m + 160. Suppose -2*i - 4*x = 3*i + z, i + 3*x = 2. Let a = -7 - i. What is the units digit of a?
3
Suppose 0 = -10*b + 200 + 280. What is the units digit of b?
8
What is the tens digit of (-3)/2 + 254/4?
6
What is the tens digit of 51 + 4 + (-3 - -3)?
5
Let i(a) = a**3 + a**2 + a + 7. Let p(f) = -f**2 + 2*f**2 + 4*f - 2*f + 0*f**2. Let q be p(-2). What is the units digit of i(q)?
7
Let v = -32 + 62. What is the units digit of v?
0
Let k be (